What is y(h)?
-4
Let n(b) = -71*b**3 - 7*b**2 - 6*b - 1. Let u(v) = 89*v**3 + 8*v**2 + 6*v. Let y(j) = -5*n(j) - 4*u(j). Determine y(7).
-149
Suppose -26 - 217 = -27*z - 0. Let k(u) = u**3 - 11*u**2 + 17*u - 12. What is k(z)?
-21
Let n(q) be the second derivative of 5/6*q**3 - 269*q + 3/2*q**2 - 1 + 1/12*q**4. Calculate n(-7).
17
Let o(t) = -t**2 - 40*t - 104. Let p be o(-37). Let j(v) = -9*v**2 - 18 + 12*v + p*v**2 - 19 + 35. Determine j(5).
8
Let d(b) = b**2 + 11*b + 20. Suppose 0 = 4*l + 3*p - 6, 2*l = -3*p - 4 + 10. Suppose l*g = -18*g - 144. What is d(g)?
-4
Let u(k) = 2*k - 4. Let d(n) = -n**2 - 2*n + 8. Let r(f) = d(f) + 2*u(f). Calculate r(1).
1
Let d(i) = -32 + 35 + 7*i**3 - 9*i**3 + 3*i**3 + 8*i**2. Calculate d(-6).
75
Suppose -14256*r + 14582*r = -978. Let s(c) = 4*c**3 + c**2 - 10*c + 7. Let h(t) = t**3 - 3*t + 2. Let v(o) = 7*h(o) - 2*s(o). Determine v(r).
12
Suppose 13*x = 301 - 106. Let y be ((-125)/x - -8)*6. Let c(q) = -q**3 + q**2 - q - 3. What is c(y)?
11
Let x(t) = -20*t**3 - 2*t**2 - 2*t - 1. Let o(j) be the third derivative of -j**5/60 - 7*j**4/6 - 193*j**3/6 - 51*j**2. Let i be o(-12). Give x(i).
19
Let g(s) = -3*s. Let x(a) = 10*a + 1. Let t(r) = -14*g(r) - 4*x(r). Let o = -2424 + 2428. Calculate t(o).
4
Let o(q) = -6*q - 21. Suppose 154*f = 50*f + 53*f - 204. What is o(f)?
3
Let t(u) = -u**3 + 11*u**2 - 2*u + 18. Let x be (-12)/(-13) - 8777/(-871). Determine t(x).
-4
Let t(i) = -i**2 - 17*i - 3. Suppose -655 - 241 = 56*l. Calculate t(l).
13
Let z(h) = -4*h**2 - 2*h - 1. Let j = -100 + 155. Let s = j - 56. Give z(s).
-3
Let v(m) = -56 + 772869*m + 13 - 772862*m. What is v(7)?
6
Let t(x) be the first derivative of x**4/2 + 3*x**3 + 3*x**2/2 - 8. Let p be t(-4). Suppose 0 = p*f + 21 - 9. Let v(w) = 3*w - 1. Calculate v(f).
-10
Let x(i) be the second derivative of -i**5/60 + 7*i**4/12 + 131*i**2/2 + 2*i + 32. Let u(t) be the first derivative of x(t). What is u(14)?
0
Suppose 28 = -4*y + 2*x, y + 14*x + 7 = 15*x. Let w(a) = a**3 + 6*a**2 + a - 13. Give w(y).
-69
Let j(q) = -235*q - 5*q**2 + 484*q + 12 - 241*q + 12*q**2. Let c(d) = -12*d**2 - 17*d - 23. Let o(m) = 3*c(m) + 5*j(m). Give o(-11).
-9
Suppose 3*s - 5*v + 7 = -1, -2*v = -5*s - 7. Let t(h) = -5*h - 5. Let p be t(-6). Let x(g) = 0*g + p - 11 - 12 + g. Give x(s).
1
Suppose 0 = 23*k - 20*k - 63. Let c = 23 - k. Suppose -c*g - g = 2*g. Let l(b) = b**2 - 13. Determine l(g).
-13
Suppose 58 = 10*o - 52. Let v(f) = -o*f - 6*f**2 + f**3 + 17*f + 3*f**2 - 9*f - 4. Determine v(4).
0
Let y(x) = x**3 + 8*x**2 + 4*x - 7. Suppose 14 = -7*c - 15 - 6. Give y(c).
48
Let n(y) = 55*y - 10*y**2 - 57*y - 5*y**3 - 11 + 6*y**2 + 9. Determine n(-2).
26
Let c(n) = -2*n**2 + 47*n - 23. Let q be c(23). Let w(g) = -g**3 + 3*g**2 - 2*g - 98. Determine w(q).
-98
Suppose 4*z - 2 = 2*k, 3*k = -z + 4 + 7. Let g(b) = -4*b**z + 7 - 12 + 9*b + 5*b**2. Let x = 42 + -51. Give g(x).
-5
Let y(s) be the third derivative of -75*s**2 - 5/24*s**4 + 0 - 1/3*s**3 - 1/120*s**6 - 1/12*s**5 + 0*s. Calculate y(-3).
-5
Let n(m) = m**3 - 17*m**2 - 17*m - 12. Let k be 70/4 - (-3)/6. Let t be n(k). Let i(q) = 16*q**2 - 3*q - 15*q**2 + 9 - 4*q. Calculate i(t).
3
Let q(s) be the third derivative of s**6/120 - 7*s**5/6 + 67*s**4/24 + 131*s**3/6 - 9184*s**2. What is q(69)?
-7
Let m = -5305 - -5306. Let g(w) = -50*w**3 - w**2 + 2*w. Calculate g(m).
-49
Let d(n) = 1414*n**3 - 719*n**3 + 3*n**2 - 5 + 5*n - 696*n**3. Determine d(3).
10
Let s(p) be the second derivative of p**6/360 + p**5/15 - 3*p**4/8 + 65*p**3/6 + 47*p. Let l(z) be the second derivative of s(z). Calculate l(-9).
0
Let q(u) = -7*u**3 - 5*u**2 + 11*u - 9. Let g(z) = -19*z**3 - 16*z**2 + 33*z - 26. Let w(p) = 3*g(p) - 8*q(p). What is w(-9)?
-24
Let j(g) be the first derivative of 3*g**2/2 - 39*g - 13. Let t be j(12). Let r be (4 + 2)/(t/(-2)). Let c(z) = z**2 - 5*z - 3. Give c(r).
-7
Let m = -826 - -831. Let n(r) be the first derivative of r**3/3 - 7*r**2/2 - r - 6. Determine n(m).
-11
Let s(x) = -3*x**2 + 18*x + 3. Let n be s(6). Suppose -4*w + 23 - 7 = -4*y, 4 = n*w + y. Let f(g) = -3*g**3 + 2*g**2 + 2*g. Give f(w).
-12
Let b(y) be the second derivative of y**4/12 + 10*y**3/3 - 7*y**2 - 143*y - 1. Give b(-20).
-14
Suppose -z - 5 = 0, -g - 2 = 3*z - 37. Let b = g + -56. Let d be b/(-4) - 40/(-16). Let k(p) = -p**2 + 3*p - 3. Determine k(d).
-7
Let d be ((-192)/80)/(12/(-30)). Let g(x) = -5*x**2 + 32*x - 7. Determine g(d).
5
Let h(u) = -u**2 + 11*u - 1. Suppose 0 = 3*r + 5*k - 7*k + 16, 0 = 2*r + 4*k. Let j be (-8 - r - -7) + (-2 - -8). Determine h(j).
17
Let u(d) = 4*d**2 - 15*d + 16. Let m(k) = 9*k**2 - 24*k + 33. Let l(h) = 3*m(h) - 7*u(h). What is l(33)?
-13
Let g(l) = -107*l - 2025. Let a be g(-19). Let k(t) = t**3 - 7*t**2 - 3*t - 14. Give k(a).
26
Let h(q) = q**3 + 5*q**2 - 4*q + 6. Let k = -27710 + 27710. Determine h(k).
6
Suppose 0 = -2*b + c + 1347, -669 = -7*b + 6*b + 2*c. Let x = -672 + b. Let m(t) = 2*t**2 - 6*t + 6. Calculate m(x).
6
Let v(s) = -120*s + 2 + 102*s + 1. Let w be v(2). Let u = -33 - w. Let h(a) = -a**3 + a**2 + a + 10. Calculate h(u).
10
Let v be (0/1 - -2 - 0) + 187. Suppose 5*z + 2*t - 220 = 0, 4*z + t - 2*t = v. Suppose -z + 70 = -6*i. Let a(k) = k + 4. Calculate a(i).
0
Let a(v) be the first derivative of -v**2/2 + 3*v - 1013. Give a(10).
-7
Let h = -2408 - -2414. Let d(k) = 2*k**3 - 12*k**2 + 7*k - 5. Determine d(h).
37
Let s(x) = -24 - 9*x + 13 + 12. Let p = 9406 + -9409. Give s(p).
28
Let k = -1347 - -1344. Let j(w) = 6*w**2 + w - 2. What is j(k)?
49
Let q = -8 - -14. Suppose -l - a = -q, 4*a = 4*l + l - 21. Let z(d) = -2*d**2 + 10*d - 2. Give z(l).
-2
Suppose 0*v = 3*v + 6. Let a(l) = -l**2 - 6*l - 4. Let z be a(v). Suppose -6*w = z - 46. Let q(y) = y**2 - 5*y - 10. What is q(w)?
4
Let z(m) = 18*m**3 - m**2 - 2*m - 3. Let i be (-1282)/7692 + (-1)/(-6)*-5. Determine z(i).
-20
Let w = 6739 + -6433. Suppose -4 = -3*v + 2. Let r(s) = 2*s**v + 2 - 5*s**2 + w*s**3 - 307*s**3. Calculate r(-2).
-2
Let x(u) = 4*u + 2. Let d be x(-2). Let k(n) = 10*n**3 + 110*n**2 + 127*n**2 - 11*n**3 - 245*n**2 - 9*n - 1 - 1. What is k(d)?
-20
Let n(d) = -2*d**3 + d**2 - d + 2. Let k(c) = -c**3 - 7*c**2 - 43*c - 225. Let q be k(-6). What is n(q)?
68
Let h(n) = 26*n - 33. Let i(d) = 75*d - 95. Let l(u) = -17*h(u) + 6*i(u). Give l(3).
15
Let c(o) = -19*o**2 + 12*o + 3. Let p be c(1). Let y(z) = 6*z**2 + 22*z - 5. Give y(p).
3
Let w(z) = 2*z. Suppose 66 = 2*i - 4*b, 2*b = -3*i - 2*b + 59. Let c = 21 - i. Let l be -5*(34/10 + c). Determine w(l).
6
Let s(m) = -65331524*m**3 + 37 - 10*m - 22*m**2 - 7*m + 65331523*m**3. Determine s(-21).
-47
Suppose 4*x + 8 = 0, -3*y - 497 = -8*y + x. Let u(k) = 2*k + 207 - y - 101. Give u(-5).
-3
Let u(l) = 13*l**2 - 14*l - 1. Let w be u(1). Let q(n) be the third derivative of -n**5/30 + n**4/24 + n**3/6 - 10*n**2. Calculate q(w).
-9
Suppose 0 = 149*k - 151*k + 240. Let n be (-642)/5 + (-2)/(-5). Let a = n + k. Let s(b) = b**3 + 8*b**2 + 3. What is s(a)?
3
Let t(x) = -4318 + x + 4317 + 2*x - x**3. Let r = -1 - 10. Let u = -9 - r. Calculate t(u).
-3
Let j be ((-6)/2)/(9/6). Let h(a) = 103*a**3 - 31*a**2 - 34*a + 16. Let c(m) = 315*m**3 - 95*m**2 - 104*m + 49. Let k(s) = -17*c(s) + 52*h(s). What is k(j)?
3
Suppose 5*a + 3*m - 51 = 0, -10*m + 8 = -6*m. Let t(i) = i + 25 - 14 - a. What is t(-7)?
-5
Let q(g) be the first derivative of -20 - 9/2*g**2 + 1/24*g**4 - 5/6*g**3 + 0*g. Let a(t) be the second derivative of q(t). Calculate a(0).
-5
Let z(w) = w**3 - 6*w**2 - 3*w - 6. Let f(u) = u**2 - 20*u - 1658. Let y be f(52). Give z(y).
-24
Let a(v) = v**3 + 3*v**2 - 2*v + 1. Suppose 6 = y - 10. Let b be 2 - (-5)/(20/y). Let r be b/(-3)*3/2. Calculate a(r).
7
Let w(k) = -226*k + 228*k + 0 + 1 - 3 + 11. Let q = 3 - 10. Calculate w(q).
-5
Let f be (-3456)/(-2880)*(-20)/3. Let m(u) = -26*u - 218. Determine m(f).
-10
Suppose 0 = 43*d - 81 - 220 + 430. Let m(g) = -g**3 - 4*g**2 + g + 7. Calculate m(d).
-5
Let b = -203 + 93. Let k be b/(-35) - (-4)/(-28). Let q(s) = -s**2. What is q(k)?
-9
Suppose -3*d = 4*m - 84, 0 = -4*d + 2*m - 0*m + 90. Let f = d + -24. Let l(h) = -h**2 + h + 2. Give l(f).
2
Let k(z) = 10 + 302*z + 4*z**3 - 6*z**3 - 161*z - 142*z + 6. Calculate k(0).
16
Suppose 29*o - 23*o = 252. Let w be 24/(-14) - 12/o. Let s(a) 